{"id":43,"date":"2026-01-10T18:00:15","date_gmt":"2026-01-10T18:00:15","guid":{"rendered":"https:\/\/itariye.fr\/?page_id=43"},"modified":"2026-01-10T18:00:15","modified_gmt":"2026-01-10T18:00:15","slug":"a-propos","status":"publish","type":"page","link":"https:\/\/itariye.fr\/index.php\/a-propos\/","title":{"rendered":"\u00c0 propos"},"content":{"rendered":"\n<p class=\"wp-block-paragraph\"><\/p>\n\n\n\n<p class=\"wp-block-paragraph\">Je m\u2019appelle&nbsp;<strong>Itarie<\/strong>, artiste visuelle.<br>Avant de plonger pleinement dans la cr\u00e9ation, j\u2019\u00e9tais&nbsp;<strong>ing\u00e9nieure en informatique<\/strong>. Ce chemin n\u2019a rien d\u2019anodin dans mon travail : il m\u2019a offert le monde comme terrain d\u2019exploration. J\u2019ai v\u00e9cu ailleurs, voyag\u00e9 souvent, observ\u00e9 des paysages, des cultures, des couleurs, des \u00e9motions que je traduis aujourd\u2019hui en images.<\/p>\n\n\n\n<p class=\"wp-block-paragraph\">Mon art na\u00eet d\u2019un choc sensible :<br>une teinte, une vibration, une lumi\u00e8re, une sc\u00e8ne r\u00e9elle ou r\u00eav\u00e9e.<br>Je peins ce qui m\u2019a touch\u00e9e.<\/p>\n\n\n\n<p class=\"wp-block-paragraph\">Je travaille trois langages artistiques \u2014 trois intensit\u00e9s, trois respirations :<\/p>\n\n\n\n<figure class=\"wp-block-table\"><table class=\"has-fixed-layout\"><thead><tr><th>Technique<\/th><th>Sensation<\/th><th>Style<\/th><\/tr><\/thead><tbody><tr><td><strong>Peinture \/ Collage (m\u00e9dia mixte)<\/strong><\/td><td>intuitive, vibrante, textur\u00e9e<\/td><td>couleurs fortes, mati\u00e8re, \u00e9motion brute<\/td><\/tr><tr><td><strong>Aquarelle<\/strong><\/td><td>l\u00e9g\u00e8re, po\u00e9tique<\/td><td>monochrome, fluide, presque chuchot\u00e9e<\/td><\/tr><tr><td><strong>Linogravure<\/strong><\/td><td>graphique, pr\u00e9cise<\/td><td>noir et blanc, \u00e9pur\u00e9e, symbolique<\/td><\/tr><\/tbody><\/table><\/figure>\n\n\n\n<p class=\"wp-block-paragraph\">Depuis toujours, je cr\u00e9e.<br>Mais cela fait deux ans que je me donne pleinement le droit d\u2019\u00eatre artiste. Deux ans d\u2019\u00e9lan, d\u2019exp\u00e9rimentation, d\u2019expositions et de partages, notamment au sein du caf\u00e9 culturel&nbsp;<strong><a href=\"https:\/\/feuilleblanchecafenoir.com\/\">Feuilles Blanches Caf\u00e9 Noir<\/a><\/strong>, n\u00e9 de cette m\u00eame \u00e9nergie cr\u00e9ative.<\/p>\n\n\n\n<p class=\"wp-block-paragraph\">Mon travail \u00e9volue, se transforme, voyage \u2014 un peu comme moi.<\/p>\n","protected":false},"excerpt":{"rendered":"<p>Je m\u2019appelle&nbsp;Itarie, artiste visuelle.Avant de plonger pleinement dans la cr\u00e9ation, j\u2019\u00e9tais&nbsp;ing\u00e9nieure en informatique. Ce chemin n\u2019a rien d\u2019anodin dans mon travail : il m\u2019a offert le monde comme terrain d\u2019exploration. J\u2019ai v\u00e9cu ailleurs, voyag\u00e9 souvent, observ\u00e9 des paysages, des cultures, des couleurs, des \u00e9motions que je traduis aujourd\u2019hui en images. Mon art na\u00eet d\u2019un choc sensible :une teinte, une vibration, une lumi\u00e8re, une sc\u00e8ne r\u00e9elle ou r\u00eav\u00e9e.Je peins ce qui m\u2019a touch\u00e9e. Je travaille trois langages artistiques \u2014 trois intensit\u00e9s, trois respirations : Technique Sensation Style Peinture \/ Collage (m\u00e9dia mixte) intuitive, vibrante, textur\u00e9e couleurs fortes, mati\u00e8re, \u00e9motion brute Aquarelle l\u00e9g\u00e8re, [&hellip;]<\/p>\n","protected":false},"author":1,"featured_media":9,"parent":0,"menu_order":0,"comment_status":"closed","ping_status":"closed","template":"","meta":{"_crdt_document":"","footnotes":""},"class_list":["post-43","page","type-page","status-publish","has-post-thumbnail","hentry"],"yoast_head":"<!-- This site is optimized with the Yoast SEO plugin v26.9 - https:\/\/yoast.com\/product\/yoast-seo-wordpress\/ -->\n<title>\u00c0 propos - Itariye<\/title>\n<meta name=\"robots\" content=\"index, follow, max-snippet:-1, max-image-preview:large, max-video-preview:-1\" \/>\n<link rel=\"canonical\" href=\"https:\/\/itariye.fr\/index.php\/a-propos\/\" \/>\n<meta property=\"og:locale\" content=\"fr_FR\" \/>\n<meta property=\"og:type\" content=\"article\" \/>\n<meta property=\"og:title\" content=\"\u00c0 propos - Itariye\" \/>\n<meta property=\"og:description\" content=\"Je m\u2019appelle&nbsp;Itarie, artiste visuelle.Avant de plonger pleinement dans la cr\u00e9ation, j\u2019\u00e9tais&nbsp;ing\u00e9nieure en informatique. Ce chemin n\u2019a rien d\u2019anodin dans mon travail : il m\u2019a offert le monde comme terrain d\u2019exploration. J\u2019ai v\u00e9cu ailleurs, voyag\u00e9 souvent, observ\u00e9 des paysages, des cultures, des couleurs, des \u00e9motions que je traduis aujourd\u2019hui en images. Mon art na\u00eet d\u2019un choc sensible :une teinte, une vibration, une lumi\u00e8re, une sc\u00e8ne r\u00e9elle ou r\u00eav\u00e9e.Je peins ce qui m\u2019a touch\u00e9e. Je travaille trois langages artistiques \u2014 trois intensit\u00e9s, trois respirations : Technique Sensation Style Peinture \/ Collage (m\u00e9dia mixte) intuitive, vibrante, textur\u00e9e couleurs fortes, mati\u00e8re, \u00e9motion brute Aquarelle l\u00e9g\u00e8re, [&hellip;]\" \/>\n<meta property=\"og:url\" content=\"https:\/\/itariye.fr\/index.php\/a-propos\/\" \/>\n<meta property=\"og:site_name\" content=\"Itariye\" \/>\n<meta property=\"og:image\" content=\"https:\/\/itariye.fr\/wp-content\/uploads\/2026\/01\/IMG_3409.jpeg\" \/>\n\t<meta property=\"og:image:width\" content=\"1220\" \/>\n\t<meta property=\"og:image:height\" content=\"1220\" \/>\n\t<meta property=\"og:image:type\" content=\"image\/jpeg\" \/>\n<meta name=\"twitter:card\" content=\"summary_large_image\" \/>\n<meta name=\"twitter:label1\" content=\"Dur\u00e9e de lecture estim\u00e9e\" \/>\n\t<meta name=\"twitter:data1\" content=\"1 minute\" \/>\n<script type=\"application\/ld+json\" class=\"yoast-schema-graph\">{\"@context\":\"https:\/\/schema.org\",\"@graph\":[{\"@type\":\"WebPage\",\"@id\":\"https:\/\/itariye.fr\/index.php\/a-propos\/\",\"url\":\"https:\/\/itariye.fr\/index.php\/a-propos\/\",\"name\":\"\u00c0 propos - Itariye\",\"isPartOf\":{\"@id\":\"https:\/\/itariye.fr\/#website\"},\"primaryImageOfPage\":{\"@id\":\"https:\/\/itariye.fr\/index.php\/a-propos\/#primaryimage\"},\"image\":{\"@id\":\"https:\/\/itariye.fr\/index.php\/a-propos\/#primaryimage\"},\"thumbnailUrl\":\"https:\/\/itariye.fr\/wp-content\/uploads\/2026\/01\/IMG_3409.jpeg\",\"datePublished\":\"2026-01-10T18:00:15+00:00\",\"breadcrumb\":{\"@id\":\"https:\/\/itariye.fr\/index.php\/a-propos\/#breadcrumb\"},\"inLanguage\":\"fr-FR\",\"potentialAction\":[{\"@type\":\"ReadAction\",\"target\":[\"https:\/\/itariye.fr\/index.php\/a-propos\/\"]}]},{\"@type\":\"ImageObject\",\"inLanguage\":\"fr-FR\",\"@id\":\"https:\/\/itariye.fr\/index.php\/a-propos\/#primaryimage\",\"url\":\"https:\/\/itariye.fr\/wp-content\/uploads\/2026\/01\/IMG_3409.jpeg\",\"contentUrl\":\"https:\/\/itariye.fr\/wp-content\/uploads\/2026\/01\/IMG_3409.jpeg\",\"width\":1220,\"height\":1220},{\"@type\":\"BreadcrumbList\",\"@id\":\"https:\/\/itariye.fr\/index.php\/a-propos\/#breadcrumb\",\"itemListElement\":[{\"@type\":\"ListItem\",\"position\":1,\"name\":\"Home\",\"item\":\"https:\/\/itariye.fr\/\"},{\"@type\":\"ListItem\",\"position\":2,\"name\":\"\u00c0 propos\"}]},{\"@type\":\"WebSite\",\"@id\":\"https:\/\/itariye.fr\/#website\",\"url\":\"https:\/\/itariye.fr\/\",\"name\":\"Itariye\",\"description\":\"Artiste visuel mixte m\u00e9dia\",\"publisher\":{\"@id\":\"https:\/\/itariye.fr\/#\/schema\/person\/0545ffcc6ae4b5716ef0df294a224b10\"},\"potentialAction\":[{\"@type\":\"SearchAction\",\"target\":{\"@type\":\"EntryPoint\",\"urlTemplate\":\"https:\/\/itariye.fr\/?s={search_term_string}\"},\"query-input\":{\"@type\":\"PropertyValueSpecification\",\"valueRequired\":true,\"valueName\":\"search_term_string\"}}],\"inLanguage\":\"fr-FR\"},{\"@type\":[\"Person\",\"Organization\"],\"@id\":\"https:\/\/itariye.fr\/#\/schema\/person\/0545ffcc6ae4b5716ef0df294a224b10\",\"name\":\"admin8617\",\"image\":{\"@type\":\"ImageObject\",\"inLanguage\":\"fr-FR\",\"@id\":\"https:\/\/itariye.fr\/#\/schema\/person\/image\/\",\"url\":\"https:\/\/secure.gravatar.com\/avatar\/b19bbbb9cef02307369ec699426004d3fa3ef24c82a9500455018b05ba73a6a5?s=96&d=mm&r=g\",\"contentUrl\":\"https:\/\/secure.gravatar.com\/avatar\/b19bbbb9cef02307369ec699426004d3fa3ef24c82a9500455018b05ba73a6a5?s=96&d=mm&r=g\",\"caption\":\"admin8617\"},\"logo\":{\"@id\":\"https:\/\/itariye.fr\/#\/schema\/person\/image\/\"},\"sameAs\":[\"http:\/\/itariye.fr\",\"https:\/\/www.instagram.com\/itariye\"]}]}<\/script>\n<!-- \/ Yoast SEO plugin. -->","yoast_head_json":{"title":"\u00c0 propos - Itariye","robots":{"index":"index","follow":"follow","max-snippet":"max-snippet:-1","max-image-preview":"max-image-preview:large","max-video-preview":"max-video-preview:-1"},"canonical":"https:\/\/itariye.fr\/index.php\/a-propos\/","og_locale":"fr_FR","og_type":"article","og_title":"\u00c0 propos - Itariye","og_description":"Je m\u2019appelle&nbsp;Itarie, artiste visuelle.Avant de plonger pleinement dans la cr\u00e9ation, j\u2019\u00e9tais&nbsp;ing\u00e9nieure en informatique. Ce chemin n\u2019a rien d\u2019anodin dans mon travail : il m\u2019a offert le monde comme terrain d\u2019exploration. J\u2019ai v\u00e9cu ailleurs, voyag\u00e9 souvent, observ\u00e9 des paysages, des cultures, des couleurs, des \u00e9motions que je traduis aujourd\u2019hui en images. Mon art na\u00eet d\u2019un choc sensible :une teinte, une vibration, une lumi\u00e8re, une sc\u00e8ne r\u00e9elle ou r\u00eav\u00e9e.Je peins ce qui m\u2019a touch\u00e9e. Je travaille trois langages artistiques \u2014 trois intensit\u00e9s, trois respirations : Technique Sensation Style Peinture \/ Collage (m\u00e9dia mixte) intuitive, vibrante, textur\u00e9e couleurs fortes, mati\u00e8re, \u00e9motion brute Aquarelle l\u00e9g\u00e8re, [&hellip;]","og_url":"https:\/\/itariye.fr\/index.php\/a-propos\/","og_site_name":"Itariye","og_image":[{"width":1220,"height":1220,"url":"https:\/\/itariye.fr\/wp-content\/uploads\/2026\/01\/IMG_3409.jpeg","type":"image\/jpeg"}],"twitter_card":"summary_large_image","twitter_misc":{"Dur\u00e9e de lecture estim\u00e9e":"1 minute"},"schema":{"@context":"https:\/\/schema.org","@graph":[{"@type":"WebPage","@id":"https:\/\/itariye.fr\/index.php\/a-propos\/","url":"https:\/\/itariye.fr\/index.php\/a-propos\/","name":"\u00c0 propos - Itariye","isPartOf":{"@id":"https:\/\/itariye.fr\/#website"},"primaryImageOfPage":{"@id":"https:\/\/itariye.fr\/index.php\/a-propos\/#primaryimage"},"image":{"@id":"https:\/\/itariye.fr\/index.php\/a-propos\/#primaryimage"},"thumbnailUrl":"https:\/\/itariye.fr\/wp-content\/uploads\/2026\/01\/IMG_3409.jpeg","datePublished":"2026-01-10T18:00:15+00:00","breadcrumb":{"@id":"https:\/\/itariye.fr\/index.php\/a-propos\/#breadcrumb"},"inLanguage":"fr-FR","potentialAction":[{"@type":"ReadAction","target":["https:\/\/itariye.fr\/index.php\/a-propos\/"]}]},{"@type":"ImageObject","inLanguage":"fr-FR","@id":"https:\/\/itariye.fr\/index.php\/a-propos\/#primaryimage","url":"https:\/\/itariye.fr\/wp-content\/uploads\/2026\/01\/IMG_3409.jpeg","contentUrl":"https:\/\/itariye.fr\/wp-content\/uploads\/2026\/01\/IMG_3409.jpeg","width":1220,"height":1220},{"@type":"BreadcrumbList","@id":"https:\/\/itariye.fr\/index.php\/a-propos\/#breadcrumb","itemListElement":[{"@type":"ListItem","position":1,"name":"Home","item":"https:\/\/itariye.fr\/"},{"@type":"ListItem","position":2,"name":"\u00c0 propos"}]},{"@type":"WebSite","@id":"https:\/\/itariye.fr\/#website","url":"https:\/\/itariye.fr\/","name":"Itariye","description":"Artiste visuel mixte m\u00e9dia","publisher":{"@id":"https:\/\/itariye.fr\/#\/schema\/person\/0545ffcc6ae4b5716ef0df294a224b10"},"potentialAction":[{"@type":"SearchAction","target":{"@type":"EntryPoint","urlTemplate":"https:\/\/itariye.fr\/?s={search_term_string}"},"query-input":{"@type":"PropertyValueSpecification","valueRequired":true,"valueName":"search_term_string"}}],"inLanguage":"fr-FR"},{"@type":["Person","Organization"],"@id":"https:\/\/itariye.fr\/#\/schema\/person\/0545ffcc6ae4b5716ef0df294a224b10","name":"admin8617","image":{"@type":"ImageObject","inLanguage":"fr-FR","@id":"https:\/\/itariye.fr\/#\/schema\/person\/image\/","url":"https:\/\/secure.gravatar.com\/avatar\/b19bbbb9cef02307369ec699426004d3fa3ef24c82a9500455018b05ba73a6a5?s=96&d=mm&r=g","contentUrl":"https:\/\/secure.gravatar.com\/avatar\/b19bbbb9cef02307369ec699426004d3fa3ef24c82a9500455018b05ba73a6a5?s=96&d=mm&r=g","caption":"admin8617"},"logo":{"@id":"https:\/\/itariye.fr\/#\/schema\/person\/image\/"},"sameAs":["http:\/\/itariye.fr","https:\/\/www.instagram.com\/itariye"]}]}},"_links":{"self":[{"href":"https:\/\/itariye.fr\/index.php\/wp-json\/wp\/v2\/pages\/43","targetHints":{"allow":["GET"]}}],"collection":[{"href":"https:\/\/itariye.fr\/index.php\/wp-json\/wp\/v2\/pages"}],"about":[{"href":"https:\/\/itariye.fr\/index.php\/wp-json\/wp\/v2\/types\/page"}],"author":[{"embeddable":true,"href":"https:\/\/itariye.fr\/index.php\/wp-json\/wp\/v2\/users\/1"}],"replies":[{"embeddable":true,"href":"https:\/\/itariye.fr\/index.php\/wp-json\/wp\/v2\/comments?post=43"}],"version-history":[{"count":1,"href":"https:\/\/itariye.fr\/index.php\/wp-json\/wp\/v2\/pages\/43\/revisions"}],"predecessor-version":[{"id":51,"href":"https:\/\/itariye.fr\/index.php\/wp-json\/wp\/v2\/pages\/43\/revisions\/51"}],"wp:featuredmedia":[{"embeddable":true,"href":"https:\/\/itariye.fr\/index.php\/wp-json\/wp\/v2\/media\/9"}],"wp:attachment":[{"href":"https:\/\/itariye.fr\/index.php\/wp-json\/wp\/v2\/media?parent=43"}],"curies":[{"name":"wp","href":"https:\/\/api.w.org\/{rel}","templated":true}]}}